{"id":11015,"date":"2022-08-04T15:27:08","date_gmt":"2022-08-04T18:27:08","guid":{"rendered":"https:\/\/cachacapedrabranca.com.br\/home\/?page_id=11015"},"modified":"2022-08-11T21:56:20","modified_gmt":"2022-08-12T00:56:20","slug":"canavial","status":"publish","type":"page","link":"https:\/\/cachacapedrabranca.com.br\/home\/canavial\/","title":{"rendered":""},"content":{"rendered":"<div class=\"wpb-content-wrapper\"><p>[vc_row][vc_column][\/vc_column][\/vc_row][vc_row][vc_column][vc_custom_heading text=&#8221;Canavial&#8221; font_container=&#8221;tag:h2|font_size:32|text_align:center&#8221; use_theme_fonts=&#8221;yes&#8221;][vc_empty_space][\/vc_column][\/vc_row][vc_row][vc_column][vc_custom_heading text=&#8221;No S\u00edtio Pedra Branca, a APACAP (Associa\u00e7\u00e3o dos Produtores e Amigos da Cacha\u00e7a Artesanal de Paraty) em parceria com o MAPA (Minist\u00e9rio da Agricultura, Pecu\u00e1ria e do Abastecimento), a UFRRJ (Universidade Federal Rural do Rio de Janeiro), a Emater, o Sebrae-RJ e a PMP (Prefeitura Municipal de Paraty) entre outros, montou um experimento de variedades de cana-de-a\u00e7\u00facar para a identifica\u00e7\u00e3o das variedades com maior adapta\u00e7\u00e3o ao solo e clima de Paraty. Foram utilizadas oito variedades distribu\u00eddas em quatro blocos com o monitoramento em um trabalho de resid\u00eancia de um engenheiro agr\u00f4nomo da UFRRJ. Foram utilizadas para montagem do experimento mudas das sete principais variedades de cana utilizadas no Brasil, trazidas por t\u00e9cnicos da UFRRJ e uma variedade padr\u00e3o de Paraty. Baseado nos resultados obtidos no experimento, os canaviais do s\u00edtio est\u00e3o sendo renovados em busca de maior produtividade e qualidade.&#8221; font_container=&#8221;tag:p|font_size:18|text_align:left&#8221; use_theme_fonts=&#8221;yes&#8221;][\/vc_column][\/vc_row][vc_row][vc_column][vc_masonry_media_grid element_width=&#8221;3&#8243; grid_id=&#8221;vc_gid:1659637849618-6e3dca10-1523-2&#8243; include=&#8221;11020,11021,11022,11023&#8243;][\/vc_column][\/vc_row]<\/p>\n<\/div>","protected":false},"excerpt":{"rendered":"<p>[vc_row][vc_column][\/vc_column][\/vc_row][vc_row][vc_column][vc_custom_heading text=&#8221;Canavial&#8221; font_container=&#8221;tag:h2|font_size:32|text_align:center&#8221; use_theme_fonts=&#8221;yes&#8221;][vc_empty_space][\/vc_column][\/vc_row][vc_row][vc_column][vc_custom_heading text=&#8221;No S\u00edtio Pedra Branca, a APACAP (Associa\u00e7\u00e3o dos Produtores e Amigos da Cacha\u00e7a Artesanal de Paraty) em parceria com o MAPA (Minist\u00e9rio da Agricultura, Pecu\u00e1ria e do Abastecimento), a UFRRJ (Universidade Federal Rural do Rio de &hellip; <a href=\"https:\/\/cachacapedrabranca.com.br\/home\/canavial\/\">Readmore<\/a><\/p>\n","protected":false},"author":1,"featured_media":0,"parent":0,"menu_order":0,"comment_status":"closed","ping_status":"closed","template":"","meta":{"_acf_changed":false,"footnotes":""},"class_list":["post-11015","page","type-page","status-publish","hentry"],"acf":[],"aioseo_notices":[],"_links":{"self":[{"href":"https:\/\/cachacapedrabranca.com.br\/home\/wp-json\/wp\/v2\/pages\/11015","targetHints":{"allow":["GET"]}}],"collection":[{"href":"https:\/\/cachacapedrabranca.com.br\/home\/wp-json\/wp\/v2\/pages"}],"about":[{"href":"https:\/\/cachacapedrabranca.com.br\/home\/wp-json\/wp\/v2\/types\/page"}],"author":[{"embeddable":true,"href":"https:\/\/cachacapedrabranca.com.br\/home\/wp-json\/wp\/v2\/users\/1"}],"replies":[{"embeddable":true,"href":"https:\/\/cachacapedrabranca.com.br\/home\/wp-json\/wp\/v2\/comments?post=11015"}],"version-history":[{"count":4,"href":"https:\/\/cachacapedrabranca.com.br\/home\/wp-json\/wp\/v2\/pages\/11015\/revisions"}],"predecessor-version":[{"id":11024,"href":"https:\/\/cachacapedrabranca.com.br\/home\/wp-json\/wp\/v2\/pages\/11015\/revisions\/11024"}],"wp:attachment":[{"href":"https:\/\/cachacapedrabranca.com.br\/home\/wp-json\/wp\/v2\/media?parent=11015"}],"curies":[{"name":"wp","href":"https:\/\/api.w.org\/{rel}","templated":true}]}}