{"id":10190,"date":"2020-07-24T09:38:30","date_gmt":"2020-07-24T12:38:30","guid":{"rendered":"https:\/\/cachacapedrabranca.com.br\/home\/?post_type=product&#038;p=10190"},"modified":"2025-10-09T11:58:43","modified_gmt":"2025-10-09T14:58:43","slug":"kit-com-5-cachacas-pedra-branca-50ml-pintadas-01-unidade","status":"publish","type":"product","link":"https:\/\/cachacapedrabranca.com.br\/home\/produto\/kit-com-5-cachacas-pedra-branca-50ml-pintadas-01-unidade\/","title":{"rendered":"Kit com 5 Cacha\u00e7as Pedra Branca 50ml Pintadas \u2013 01 unidade"},"content":{"rendered":"<p>Kit com 5 Cacha\u00e7as Pedra Branca 50 ml pintadas \u00e0 m\u00e3o por artes\u00e3o de Paraty.<\/p>\n<p>ATEN\u00c7\u00c3O: As cores s\u00e3o sortidas conforme estoque!<\/p>\n<p><strong>Cacha\u00e7a Pedra Branca Drinks<\/strong> &#8211; Gradua\u00e7\u00e3o 40% vol, cacha\u00e7a branca tradicional, armazenada em tanques de a\u00e7o inox. Em sua degusta\u00e7\u00e3o, possui o visual de cacha\u00e7a branca, densa e l\u00edmpida. No aroma \u00e9 fina, intensa e persistente. Lembra muito o suco da cana com boa fruta. No sabor \u00e9 leve, com acidez equilibrada, macia, fina, intensa e persistente. Deixa uma boca limpa, com notas de vegetais.<\/p>\n<p><strong>Cacha\u00e7a Pedra Branca Prata<\/strong> &#8211; Gradua\u00e7\u00e3o 44% vol., cacha\u00e7a Pedra Branca Prata, armazenada em ton\u00e9is de amendoim com aroma, cor e sabor levemente amadeirado. Em sua degusta\u00e7\u00e3o, possui o visual de branca com lev\u00edssimo tom amadeirado, densa e l\u00edmpida. No aroma \u00e9 fina, intensa e persistente. Lembra a pr\u00f3pria cana e com notas de ervas arom\u00e1ticas. No sabor tem m\u00e9dio corpo, acidez equilibrada, muito macia, fina, intensa e muito persistente. Deixa uma boca enxuta, com boa lembran\u00e7a de frutas.<\/p>\n<p><strong>Cacha\u00e7a Pedra Branca Ouro<\/strong> &#8211; Gradua\u00e7\u00e3o 40%vol, cacha\u00e7a ouro, envelhecida em barricas de carvalho franc\u00eas. Possui cor, aroma e sabor bem amadeirados. Em sua degusta\u00e7\u00e3o, possui o visual amarelo-ouro, densa e l\u00edmpida. No aroma \u00e9 fina, intensa e persistente, com marcantes aromas de folhas secas, fruta madura e madeira. No sabor \u00e9 leve, acidez equilibrada, macia, fina, intensa e persistente. Deixa uma boca enxuta, com impress\u00e3o final de ervas secas.<\/p>\n<p><strong>Cacha\u00e7a Pedra Branca Gabriela &#8211; <\/strong>Gradua\u00e7\u00e3o 31 %vol. A Cacha\u00e7a Pedra Branca Gabriela Cravo e Canela \u00e9 produzida a partir da cacha\u00e7a Drink\u2019s (branca tradicional) \u00e9 realizada uma infus\u00e3o com cravo da \u00edndia e canela em casca e posteriormente composta com puro melado de cana tamb\u00e9m produzido no Alambique Pedra Branca. Possui cor vermelho rubi oriundo da canela e do melado, aroma e sabor de especiarias, podendo ser utilizada como licor e preparo de drinques. \u00c9 armazenada em tanques de a\u00e7o inox. Foi criada em homenagem a personagem Gabriela de Jorge Amado que teve um filme produzido na cidade hist\u00f3rica na d\u00e9cada de 70. Receita de Paraty: \u201cDrinque Jorge Amado\u201d \u2013 1 lim\u00e3o, 1\/2 maracuj\u00e1, 1 dose e meia de Gabriela\u00a0Pedra Branca e gelo.<\/p>\n<p><strong>Cacha\u00e7a Pedra Branca Caramelada &#8211; <\/strong>Gradua\u00e7\u00e3o 31%vol. A Aguardente Pedra Branca Caramelada \u00e9 produzida a partir da cacha\u00e7a Drink\u2019s (branca tradicional) \u00e9 realizada uma infus\u00e3o com gengibre e posteriormente composta com puro melado de cana tamb\u00e9m produzido no Alambique Pedra Branca. Possui cor de caramelo oriundo do melado, aroma e sabor que remetem \u00e0 rapadura e ao a\u00e7\u00facar mascavo, podendo ser utilizada como licor e preparo de drinques. \u00c9 armazenada em tanques de a\u00e7o inox. Foi criada em Paraty na d\u00e9cada de 1980 se tornando uma das tradi\u00e7\u00f5es do Festival da Cacha\u00e7a de Paraty.<\/p>\n<p>&nbsp;<\/p>\n","protected":false},"excerpt":{"rendered":"<p>Kit com 5 Cacha\u00e7as Pedra Branca 50 ml pintadas \u00e0 m\u00e3o por artes\u00e3o de Paraty.<\/p>\n<p>ATEN\u00c7\u00c3O: As cores s\u00e3o sortidas conforme estoque!<\/p>\n<p><strong>Kit com 5 Miniaturas 50 ml:<\/strong><\/p>\n<p><strong>Cacha\u00e7a Pedra Branca Drinks<\/strong> &#8211; Gradua\u00e7\u00e3o 40% vol, cacha\u00e7a branca tradicional, armazenada em tanques de a\u00e7o inox. Em sua degusta\u00e7\u00e3o, possui o visual de cacha\u00e7a branca, densa e l\u00edmpida. No aroma \u00e9 fina, intensa e persistente. Lembra muito o suco da cana com boa fruta. No sabor \u00e9 leve, com acidez equilibrada, macia, fina, intensa e persistente. Deixa uma boca limpa, com notas de vegetais.<\/p>\n<p><strong>Cacha\u00e7a Pedra Branca Prata<\/strong> &#8211; Gradua\u00e7\u00e3o 44% vol., cacha\u00e7a Pedra Branca Prata, armazenada em ton\u00e9is de amendoim com aroma, cor e sabor levemente amadeirado. Em sua degusta\u00e7\u00e3o, possui o visual de branca com lev\u00edssimo tom amadeirado, densa e l\u00edmpida. No aroma \u00e9 fina, intensa e persistente. Lembra a pr\u00f3pria cana e com notas de ervas arom\u00e1ticas. No sabor tem m\u00e9dio corpo, acidez equilibrada, muito macia, fina, intensa e muito persistente. Deixa uma boca enxuta, com boa lembran\u00e7a de frutas.<\/p>\n<p><strong>Cacha\u00e7a Pedra Branca Ouro<\/strong> &#8211; Gradua\u00e7\u00e3o 40%vol, cacha\u00e7a ouro, envelhecida em barricas de carvalho franc\u00eas. Possui cor, aroma e sabor bem amadeirados. Em sua degusta\u00e7\u00e3o, possui o visual amarelo-ouro, densa e l\u00edmpida. No aroma \u00e9 fina, intensa e persistente, com marcantes aromas de folhas secas, fruta madura e madeira. No sabor \u00e9 leve, acidez equilibrada, macia, fina, intensa e persistente. Deixa uma boca enxuta, com impress\u00e3o final de ervas secas.<\/p>\n<p><strong>Cacha\u00e7a Pedra Branca Gabriela &#8211; <\/strong>Gradua\u00e7\u00e3o 31 %vol. A Cacha\u00e7a Pedra Branca Gabriela Cravo e Canela \u00e9 produzida a partir da cacha\u00e7a Drink\u2019s (branca tradicional) \u00e9 realizada uma infus\u00e3o com cravo da \u00edndia e canela em casca e posteriormente composta com puro melado de cana tamb\u00e9m produzido no Alambique Pedra Branca. Possui cor vermelho rubi oriundo da canela e do melado, aroma e sabor de especiarias, podendo ser utilizada como licor e preparo de drinques. \u00c9 armazenada em tanques de a\u00e7o inox. Foi criada em homenagem a personagem Gabriela de Jorge Amado que teve um filme produzido na cidade hist\u00f3rica na d\u00e9cada de 70. Receita de Paraty: \u201cDrinque Jorge Amado\u201d \u2013 1 lim\u00e3o, 1\/2 maracuj\u00e1, 1 dose e meia de Gabriela\u00a0Pedra Branca e gelo.<\/p>\n<p><strong>Cacha\u00e7a Pedra Branca Caramelada &#8211; <\/strong>Gradua\u00e7\u00e3o 31%vol. A Aguardente Pedra Branca Caramelada \u00e9 produzida a partir da cacha\u00e7a Drink\u2019s (branca tradicional) \u00e9 realizada uma infus\u00e3o com gengibre e posteriormente composta com puro melado de cana tamb\u00e9m produzido no Alambique Pedra Branca. Possui cor de caramelo oriundo do melado, aroma e sabor que remetem \u00e0 rapadura e ao a\u00e7\u00facar mascavo, podendo ser utilizada como licor e preparo de drinques. \u00c9 armazenada em tanques de a\u00e7o inox. Foi criada em Paraty na d\u00e9cada de 1980 se tornando uma das tradi\u00e7\u00f5es do Festival da Cacha\u00e7a de Paraty.<\/p>\n","protected":false},"featured_media":10132,"comment_status":"open","ping_status":"closed","template":"","meta":{"_acf_changed":false},"product_brand":[],"product_cat":[236,214,191,177],"product_tag":[],"class_list":{"0":"post-10190","1":"product","2":"type-product","3":"status-publish","4":"has-post-thumbnail","6":"product_cat-kit-5-cachalas","7":"product_cat-cachaca","8":"product_cat-50ml-cachaca-garrafa","9":"product_cat-todos-os-produtos","11":"first","12":"outofstock","13":"taxable","14":"shipping-taxable","15":"purchasable","16":"product-type-simple"},"acf":[],"aioseo_notices":[],"_links":{"self":[{"href":"https:\/\/cachacapedrabranca.com.br\/home\/wp-json\/wp\/v2\/product\/10190","targetHints":{"allow":["GET"]}}],"collection":[{"href":"https:\/\/cachacapedrabranca.com.br\/home\/wp-json\/wp\/v2\/product"}],"about":[{"href":"https:\/\/cachacapedrabranca.com.br\/home\/wp-json\/wp\/v2\/types\/product"}],"replies":[{"embeddable":true,"href":"https:\/\/cachacapedrabranca.com.br\/home\/wp-json\/wp\/v2\/comments?post=10190"}],"wp:featuredmedia":[{"embeddable":true,"href":"https:\/\/cachacapedrabranca.com.br\/home\/wp-json\/wp\/v2\/media\/10132"}],"wp:attachment":[{"href":"https:\/\/cachacapedrabranca.com.br\/home\/wp-json\/wp\/v2\/media?parent=10190"}],"wp:term":[{"taxonomy":"product_brand","embeddable":true,"href":"https:\/\/cachacapedrabranca.com.br\/home\/wp-json\/wp\/v2\/product_brand?post=10190"},{"taxonomy":"product_cat","embeddable":true,"href":"https:\/\/cachacapedrabranca.com.br\/home\/wp-json\/wp\/v2\/product_cat?post=10190"},{"taxonomy":"product_tag","embeddable":true,"href":"https:\/\/cachacapedrabranca.com.br\/home\/wp-json\/wp\/v2\/product_tag?post=10190"}],"curies":[{"name":"wp","href":"https:\/\/api.w.org\/{rel}","templated":true}]}}