{"id":128,"date":"2017-03-24T16:14:52","date_gmt":"2017-03-24T19:14:52","guid":{"rendered":"https:\/\/cachacapedrabranca.com.br\/loja\/?post_type=product&#038;p=128"},"modified":"2025-08-23T13:38:37","modified_gmt":"2025-08-23T16:38:37","slug":"cachaca-pedra-branca-prata-275ml-01-unidade","status":"publish","type":"product","link":"https:\/\/cachacapedrabranca.com.br\/home\/produto\/cachaca-pedra-branca-prata-275ml-01-unidade\/","title":{"rendered":"Cacha\u00e7a Pedra Branca Prata 275ml \u2013 01 unidade"},"content":{"rendered":"<p>Gradua\u00e7\u00e3o 44% vol., cacha\u00e7a Pedra Branca Prata, armazenada em ton\u00e9is de amendoim com aroma, cor e sabor levemente amadeirado.<\/p>\n<p>Em sua degusta\u00e7\u00e3o, possui o visual de branca com lev\u00edssimo tom amadeirado, densa e l\u00edmpida. No aroma \u00e9 fina, intensa e persistente. Lembra a pr\u00f3pria cana e com notas de ervas arom\u00e1ticas. No sabor tem m\u00e9dio corpo, acidez equilibrada, muito macia, fina, intensa e muito persistente. Deixa uma boca enxuta, com boa lembran\u00e7a de frutas.<\/p>\n<p>Na harmoniza\u00e7\u00e3o, a Cacha\u00e7a Pedra Branca Prata \u00e9 pr\u00f3pria para acompanhar petiscos \u00e0 base de frutos do mar e aperitivos como caldinhos de peixe e mariscos, ostras ao lim\u00e3o, canap\u00e9s, torresmo e lingui\u00e7as. Acompanha bem salgados como bolinhos de bacalhau, bolinhos de aipim com diversos recheios assim como past\u00e9is de camar\u00e3o e siri. Levemente resfriada, torna-se mais leve e redonda.<\/p>\n<p>\u00c9 recomendada tamb\u00e9m para drinques que utilizam cacha\u00e7a branca com um leve toque amadeirado.<\/p>\n","protected":false},"excerpt":{"rendered":"<p>Gradua\u00e7\u00e3o 44% vol., cacha\u00e7a Pedra Branca Prata, armazenada em ton\u00e9is de amendoim com aroma, cor e sabor levemente amadeirado.<\/p>\n<p>Em sua degusta\u00e7\u00e3o, possui o visual de branca com lev\u00edssimo tom amadeirado, densa e l\u00edmpida. No aroma \u00e9 fina, intensa e persistente. Lembra a pr\u00f3pria cana e com notas de ervas arom\u00e1ticas. No sabor tem m\u00e9dio corpo, acidez equilibrada, muito macia, fina, intensa e muito persistente. Deixa uma boca enxuta, com boa lembran\u00e7a de frutas.<\/p>\n<p>Na harmoniza\u00e7\u00e3o, a Cacha\u00e7a Pedra Branca Prata \u00e9 pr\u00f3pria para acompanhar petiscos \u00e0 base de frutos do mar e aperitivos como caldinhos de peixe e mariscos, ostras ao lim\u00e3o, canap\u00e9s, torresmo e lingui\u00e7as. Acompanha bem salgados como bolinhos de bacalhau, bolinhos de aipim com diversos recheios assim como past\u00e9is de camar\u00e3o e siri. Levemente resfriada, torna-se mais leve e redonda.<\/p>\n<p>\u00c9 recomendada tamb\u00e9m para drinques que utilizam cacha\u00e7a branca com um leve toque amadeirado.<\/p>\n","protected":false},"featured_media":9814,"comment_status":"open","ping_status":"closed","template":"","meta":{"_acf_changed":false},"product_brand":[],"product_cat":[214,192,204,177],"product_tag":[],"class_list":{"0":"post-128","1":"product","2":"type-product","3":"status-publish","4":"has-post-thumbnail","6":"product_cat-cachaca","7":"product_cat-275ml-cachaca-garrafa","8":"product_cat-cachaca-prata","9":"product_cat-todos-os-produtos","11":"first","12":"instock","13":"taxable","14":"shipping-taxable","15":"purchasable","16":"product-type-simple"},"acf":[],"aioseo_notices":[],"_links":{"self":[{"href":"https:\/\/cachacapedrabranca.com.br\/home\/wp-json\/wp\/v2\/product\/128","targetHints":{"allow":["GET"]}}],"collection":[{"href":"https:\/\/cachacapedrabranca.com.br\/home\/wp-json\/wp\/v2\/product"}],"about":[{"href":"https:\/\/cachacapedrabranca.com.br\/home\/wp-json\/wp\/v2\/types\/product"}],"replies":[{"embeddable":true,"href":"https:\/\/cachacapedrabranca.com.br\/home\/wp-json\/wp\/v2\/comments?post=128"}],"wp:featuredmedia":[{"embeddable":true,"href":"https:\/\/cachacapedrabranca.com.br\/home\/wp-json\/wp\/v2\/media\/9814"}],"wp:attachment":[{"href":"https:\/\/cachacapedrabranca.com.br\/home\/wp-json\/wp\/v2\/media?parent=128"}],"wp:term":[{"taxonomy":"product_brand","embeddable":true,"href":"https:\/\/cachacapedrabranca.com.br\/home\/wp-json\/wp\/v2\/product_brand?post=128"},{"taxonomy":"product_cat","embeddable":true,"href":"https:\/\/cachacapedrabranca.com.br\/home\/wp-json\/wp\/v2\/product_cat?post=128"},{"taxonomy":"product_tag","embeddable":true,"href":"https:\/\/cachacapedrabranca.com.br\/home\/wp-json\/wp\/v2\/product_tag?post=128"}],"curies":[{"name":"wp","href":"https:\/\/api.w.org\/{rel}","templated":true}]}}