{"id":9744,"date":"2017-02-14T00:05:06","date_gmt":"2017-02-14T02:05:06","guid":{"rendered":"https:\/\/cachacapedrabranca.com.br\/loja\/?post_type=product&#038;p=9"},"modified":"2025-08-23T14:00:15","modified_gmt":"2025-08-23T17:00:15","slug":"gabriela-cravo-e-canela-pedra-branca-700ml-01-unidade","status":"publish","type":"product","link":"https:\/\/cachacapedrabranca.com.br\/home\/produto\/gabriela-cravo-e-canela-pedra-branca-700ml-01-unidade\/","title":{"rendered":"Gabriela Cravo e Canela Pedra Branca 700ml &#8211; 01 unidade"},"content":{"rendered":"<p>Gradua\u00e7\u00e3o 31 %vol<\/p>\n<p>A Cacha\u00e7a Pedra Branca Gabriela Cravo e Canela \u00e9 produzida a partir da cacha\u00e7a Drink\u2019s (branca tradicional) \u00e9 realizada uma infus\u00e3o com cravo da \u00edndia e canela em casca e posteriormente composta com puro melado de cana tamb\u00e9m produzido no Alambique Pedra Branca. Possui cor vermelho rubi oriundo da canela e do melado, aroma e sabor de especiarias, podendo ser utilizada como licor e preparo de drinques.<\/p>\n<p>\u00c9 armazenada em tanques de a\u00e7o inox.<\/p>\n<p>Foi criada em homenagem a personagem Gabriela de Jorge Amado que teve um filme produzido na cidade hist\u00f3rica na d\u00e9cada de 70.<\/p>\n<p>Receita de Paraty: \u201cDrinque Jorge Amado\u201d \u2013 1 lim\u00e3o, 1\/2 maracuj\u00e1, 1 dose e meia de Gabriela\u00a0Pedra Branca e gelo.<\/p>\n","protected":false},"excerpt":{"rendered":"<p>Gradua\u00e7\u00e3o 31 %vol<\/p>\n<p>A Cacha\u00e7a Pedra Branca Gabriela Cravo e Canela \u00e9 produzida a partir da cacha\u00e7a Drink\u2019s (branca tradicional) \u00e9 realizada uma infus\u00e3o com cravo da \u00edndia e canela em casca e posteriormente composta com puro melado de cana tamb\u00e9m produzido no Alambique Pedra Branca. Possui cor vermelho rubi oriundo da canela e do melado, aroma e sabor de especiarias, podendo ser utilizada como licor e preparo de drinques.<\/p>\n<p>\u00c9 armazenada em tanques de a\u00e7o inox.<\/p>\n<p>Foi criada em homenagem a personagem Gabriela de Jorge Amado que teve um filme produzido na cidade hist\u00f3rica na d\u00e9cada de 70.<\/p>\n<p>Receita de Paraty: \u201cDrinque Jorge Amado\u201d \u2013 1 lim\u00e3o, 1\/2 maracuj\u00e1, 1 dose e meia de Gabriela\u00a0Pedra Branca e gelo.<\/p>\n","protected":false},"featured_media":9851,"comment_status":"open","ping_status":"closed","template":"","meta":{"_acf_changed":false},"product_brand":[],"product_cat":[238,215,202,177],"product_tag":[],"class_list":{"0":"post-9744","1":"product","2":"type-product","3":"status-publish","4":"has-post-thumbnail","6":"product_cat-700ml-licor-garrafa","7":"product_cat-licores","8":"product_cat-gabriela","9":"product_cat-todos-os-produtos","11":"first","12":"instock","13":"taxable","14":"shipping-taxable","15":"purchasable","16":"product-type-simple"},"acf":[],"aioseo_notices":[],"_links":{"self":[{"href":"https:\/\/cachacapedrabranca.com.br\/home\/wp-json\/wp\/v2\/product\/9744","targetHints":{"allow":["GET"]}}],"collection":[{"href":"https:\/\/cachacapedrabranca.com.br\/home\/wp-json\/wp\/v2\/product"}],"about":[{"href":"https:\/\/cachacapedrabranca.com.br\/home\/wp-json\/wp\/v2\/types\/product"}],"replies":[{"embeddable":true,"href":"https:\/\/cachacapedrabranca.com.br\/home\/wp-json\/wp\/v2\/comments?post=9744"}],"wp:featuredmedia":[{"embeddable":true,"href":"https:\/\/cachacapedrabranca.com.br\/home\/wp-json\/wp\/v2\/media\/9851"}],"wp:attachment":[{"href":"https:\/\/cachacapedrabranca.com.br\/home\/wp-json\/wp\/v2\/media?parent=9744"}],"wp:term":[{"taxonomy":"product_brand","embeddable":true,"href":"https:\/\/cachacapedrabranca.com.br\/home\/wp-json\/wp\/v2\/product_brand?post=9744"},{"taxonomy":"product_cat","embeddable":true,"href":"https:\/\/cachacapedrabranca.com.br\/home\/wp-json\/wp\/v2\/product_cat?post=9744"},{"taxonomy":"product_tag","embeddable":true,"href":"https:\/\/cachacapedrabranca.com.br\/home\/wp-json\/wp\/v2\/product_tag?post=9744"}],"curies":[{"name":"wp","href":"https:\/\/api.w.org\/{rel}","templated":true}]}}